[INFO] fetching crate oatmeal_raisin 0.0.1...
[INFO] checking oatmeal_raisin-0.0.1 against try#72f88fc4e9458f89516a0b8b0868f3718aec5b47 for pr-74989
[INFO] extracting crate oatmeal_raisin 0.0.1 into /workspace/builds/worker-0/source
[INFO] validating manifest of crates.io crate oatmeal_raisin 0.0.1 on toolchain 72f88fc4e9458f89516a0b8b0868f3718aec5b47
[INFO] running `Command { std: "/workspace/cargo-home/bin/cargo" "+72f88fc4e9458f89516a0b8b0868f3718aec5b47" "read-manifest" "--manifest-path" "Cargo.toml", kill_on_drop: false }`
[INFO] started tweaking crates.io crate oatmeal_raisin 0.0.1
[INFO] finished tweaking crates.io crate oatmeal_raisin 0.0.1
[INFO] tweaked toml for crates.io crate oatmeal_raisin 0.0.1 written to /workspace/builds/worker-0/source/Cargo.toml
[INFO] running `Command { std: "/workspace/cargo-home/bin/cargo" "+72f88fc4e9458f89516a0b8b0868f3718aec5b47" "generate-lockfile" "--manifest-path" "Cargo.toml" "-Zno-index-update", kill_on_drop: false }`
[INFO] running `Command { std: "/workspace/cargo-home/bin/cargo" "+72f88fc4e9458f89516a0b8b0868f3718aec5b47" "fetch" "--locked" "--manifest-path" "Cargo.toml", kill_on_drop: false }`
[INFO] [stderr]  Downloading crates ...
[INFO] [stderr]   Downloaded persistent v0.4.0
[INFO] running `Command { std: "docker" "create" "-v" "/var/lib/crater-agent-workspace/builds/worker-0/target:/opt/rustwide/target:rw,Z" "-v" "/var/lib/crater-agent-workspace/builds/worker-0/source:/opt/rustwide/workdir:ro,Z" "-v" "/var/lib/crater-agent-workspace/cargo-home:/opt/rustwide/cargo-home:ro,Z" "-v" "/var/lib/crater-agent-workspace/rustup-home:/opt/rustwide/rustup-home:ro,Z" "-e" "SOURCE_DIR=/opt/rustwide/workdir" "-e" "CARGO_TARGET_DIR=/opt/rustwide/target" "-e" "CARGO_HOME=/opt/rustwide/cargo-home" "-e" "RUSTUP_HOME=/opt/rustwide/rustup-home" "-w" "/opt/rustwide/workdir" "-m" "1610612736" "--user" "0:0" "--network" "none" "rustops/crates-build-env@sha256:d92eaeed33fa75130ca1ee6c8a01d1ffb62bac859dfdfb3450e3e5d1c0146529" "/opt/rustwide/cargo-home/bin/cargo" "+72f88fc4e9458f89516a0b8b0868f3718aec5b47" "metadata" "--no-deps" "--format-version=1", kill_on_drop: false }`
[INFO] [stdout] fefd9076f7f954de025361b47a76e855919d8defb647bfa9144ff61531e60c57
[INFO] [stderr] WARNING: Your kernel does not support swap limit capabilities or the cgroup is not mounted. Memory limited without swap.
[INFO] running `Command { std: "docker" "start" "-a" "fefd9076f7f954de025361b47a76e855919d8defb647bfa9144ff61531e60c57", kill_on_drop: false }`
[INFO] running `Command { std: "docker" "inspect" "fefd9076f7f954de025361b47a76e855919d8defb647bfa9144ff61531e60c57", kill_on_drop: false }`
[INFO] running `Command { std: "docker" "rm" "-f" "fefd9076f7f954de025361b47a76e855919d8defb647bfa9144ff61531e60c57", kill_on_drop: false }`
[INFO] [stdout] fefd9076f7f954de025361b47a76e855919d8defb647bfa9144ff61531e60c57
[INFO] running `Command { std: "docker" "create" "-v" "/var/lib/crater-agent-workspace/builds/worker-0/target:/opt/rustwide/target:rw,Z" "-v" "/var/lib/crater-agent-workspace/builds/worker-0/source:/opt/rustwide/workdir:ro,Z" "-v" "/var/lib/crater-agent-workspace/cargo-home:/opt/rustwide/cargo-home:ro,Z" "-v" "/var/lib/crater-agent-workspace/rustup-home:/opt/rustwide/rustup-home:ro,Z" "-e" "SOURCE_DIR=/opt/rustwide/workdir" "-e" "CARGO_TARGET_DIR=/opt/rustwide/target" "-e" "CARGO_INCREMENTAL=0" "-e" "RUST_BACKTRACE=full" "-e" "RUSTFLAGS=--cap-lints=forbid" "-e" "CARGO_HOME=/opt/rustwide/cargo-home" "-e" "RUSTUP_HOME=/opt/rustwide/rustup-home" "-w" "/opt/rustwide/workdir" "-m" "1610612736" "--user" "0:0" "--network" "none" "rustops/crates-build-env@sha256:d92eaeed33fa75130ca1ee6c8a01d1ffb62bac859dfdfb3450e3e5d1c0146529" "/opt/rustwide/cargo-home/bin/cargo" "+72f88fc4e9458f89516a0b8b0868f3718aec5b47" "check" "--frozen" "--all" "--all-targets" "--message-format=json", kill_on_drop: false }`
[INFO] [stdout] 0c5c23e028dc0b0d7ff3d7ba8e91fe4f79a502ab3d4074b09c6bb96caa1f04cd
[INFO] [stderr] WARNING: Your kernel does not support swap limit capabilities or the cgroup is not mounted. Memory limited without swap.
[INFO] running `Command { std: "docker" "start" "-a" "0c5c23e028dc0b0d7ff3d7ba8e91fe4f79a502ab3d4074b09c6bb96caa1f04cd", kill_on_drop: false }`
[INFO] [stderr]    Compiling autocfg v0.1.7
[INFO] [stderr]    Compiling rand_core v0.4.2
[INFO] [stderr]    Compiling version_check v0.9.2
[INFO] [stderr]    Compiling siphasher v0.2.3
[INFO] [stderr]    Compiling log v0.4.11
[INFO] [stderr]     Checking traitobject v0.1.0
[INFO] [stderr]    Compiling syn v1.0.40
[INFO] [stderr]    Compiling const_fn v0.4.2
[INFO] [stderr]    Compiling proc-macro-hack v0.5.18
[INFO] [stderr]     Checking language-tags v0.2.2
[INFO] [stderr]     Checking typeable v0.1.2
[INFO] [stderr]     Checking modifier v0.1.0
[INFO] [stderr]    Compiling unicase v1.4.2
[INFO] [stderr]    Compiling libc v0.2.77
[INFO] [stderr]     Checking unsafe-any v0.4.2
[INFO] [stderr]     Checking typemap v0.3.3
[INFO] [stderr]    Compiling rand_core v0.3.1
[INFO] [stderr]    Compiling rand_jitter v0.1.4
[INFO] [stderr]    Compiling rand_isaac v0.1.1
[INFO] [stderr]    Compiling rand_xorshift v0.1.1
[INFO] [stderr]    Compiling rand_hc v0.1.0
[INFO] [stderr]     Checking plugin v0.2.6
[INFO] [stderr]    Compiling standback v0.2.10
[INFO] [stderr]    Compiling time v0.2.19
[INFO] [stderr]    Compiling cookie v0.14.2
[INFO] [stderr]    Compiling phf_shared v0.7.24
[INFO] [stderr]    Compiling rand_pcg v0.1.2
[INFO] [stderr]    Compiling rand_chacha v0.1.1
[INFO] [stderr]    Compiling rand v0.6.5
[INFO] [stderr]     Checking log v0.3.9
[INFO] [stderr]    Compiling phf v0.7.24
[INFO] [stderr]     Checking mime v0.2.6
[INFO] [stderr]    Compiling rand_os v0.1.3
[INFO] [stderr]     Checking hyper v0.10.16
[INFO] [stderr]    Compiling phf_generator v0.7.24
[INFO] [stderr]    Compiling phf_codegen v0.7.24
[INFO] [stderr]    Compiling mime_guess v1.8.8
[INFO] [stderr]     Checking iron v0.6.1
[INFO] [stderr]     Checking persistent v0.4.0
[INFO] [stderr]    Compiling time-macros-impl v0.1.1
[INFO] [stderr]     Checking time-macros v0.1.0
[INFO] [stderr]     Checking oatmeal_raisin v0.0.1 (/opt/rustwide/workdir)
[INFO] [stdout] error[E0107]: wrong number of lifetime arguments: expected 0, found 1
[INFO] [stdout]   --> src/lib.rs:29:40
[INFO] [stdout]    |
[INFO] [stdout] 29 | pub struct CookieJar(cookie::CookieJar<'static>);
[INFO] [stdout]    |                                        ^^^^^^^ unexpected lifetime argument
[INFO] [stdout] 
[INFO] [stdout] 
[INFO] [stdout] error[E0107]: wrong number of lifetime arguments: expected 0, found 1
[INFO] [stdout]   --> src/lib.rs:48:37
[INFO] [stdout]    |
[INFO] [stdout] 48 |     type Target = cookie::CookieJar<'static>;
[INFO] [stdout]    |                                     ^^^^^^^ unexpected lifetime argument
[INFO] [stdout] 
[INFO] [stdout] 
[INFO] [stdout] error[E0107]: wrong number of lifetime arguments: expected 0, found 1
[INFO] [stdout]   --> src/lib.rs:50:43
[INFO] [stdout]    |
[INFO] [stdout] 50 |     fn deref(&self) -> &cookie::CookieJar<'static> {
[INFO] [stdout]    |                                           ^^^^^^^ unexpected lifetime argument
[INFO] [stdout] 
[INFO] [stdout] 
[INFO] [stdout] error[E0107]: wrong number of lifetime arguments: expected 0, found 1
[INFO] [stdout]   --> src/lib.rs:56:55
[INFO] [stdout]    |
[INFO] [stdout] 56 |     fn deref_mut(&mut self) -> &mut cookie::CookieJar<'static> {
[INFO] [stdout]    |                                                       ^^^^^^^ unexpected lifetime argument
[INFO] [stdout] 
[INFO] [stdout] 
[INFO] [stdout] error: aborting due to 4 previous errors
[INFO] [stdout] 
[INFO] [stdout] 
[INFO] [stdout] For more information about this error, try `rustc --explain E0107`.
[INFO] [stdout] 
[INFO] [stderr] error: could not compile `oatmeal_raisin`.
[INFO] [stderr] 
[INFO] [stderr] To learn more, run the command again with --verbose.
[INFO] [stderr] warning: build failed, waiting for other jobs to finish...
[INFO] [stdout] error[E0107]: wrong number of lifetime arguments: expected 0, found 1
[INFO] [stdout]   --> src/lib.rs:29:40
[INFO] [stdout]    |
[INFO] [stdout] 29 | pub struct CookieJar(cookie::CookieJar<'static>);
[INFO] [stdout]    |                                        ^^^^^^^ unexpected lifetime argument
[INFO] [stdout] 
[INFO] [stdout] 
[INFO] [stdout] error[E0107]: wrong number of lifetime arguments: expected 0, found 1
[INFO] [stdout]   --> src/lib.rs:48:37
[INFO] [stdout]    |
[INFO] [stdout] 48 |     type Target = cookie::CookieJar<'static>;
[INFO] [stdout]    |                                     ^^^^^^^ unexpected lifetime argument
[INFO] [stdout] 
[INFO] [stdout] 
[INFO] [stdout] error[E0107]: wrong number of lifetime arguments: expected 0, found 1
[INFO] [stdout]   --> src/lib.rs:50:43
[INFO] [stdout]    |
[INFO] [stdout] 50 |     fn deref(&self) -> &cookie::CookieJar<'static> {
[INFO] [stdout]    |                                           ^^^^^^^ unexpected lifetime argument
[INFO] [stdout] 
[INFO] [stdout] 
[INFO] [stdout] error[E0107]: wrong number of lifetime arguments: expected 0, found 1
[INFO] [stdout]   --> src/lib.rs:56:55
[INFO] [stdout]    |
[INFO] [stdout] 56 |     fn deref_mut(&mut self) -> &mut cookie::CookieJar<'static> {
[INFO] [stdout]    |                                                       ^^^^^^^ unexpected lifetime argument
[INFO] [stdout] 
[INFO] [stdout] 
[INFO] [stdout] error: aborting due to 4 previous errors
[INFO] [stdout] 
[INFO] [stdout] 
[INFO] [stdout] For more information about this error, try `rustc --explain E0107`.
[INFO] [stdout] 
[INFO] [stderr] error: build failed
[INFO] running `Command { std: "docker" "inspect" "0c5c23e028dc0b0d7ff3d7ba8e91fe4f79a502ab3d4074b09c6bb96caa1f04cd", kill_on_drop: false }`
[INFO] running `Command { std: "docker" "rm" "-f" "0c5c23e028dc0b0d7ff3d7ba8e91fe4f79a502ab3d4074b09c6bb96caa1f04cd", kill_on_drop: false }`
[INFO] [stdout] 0c5c23e028dc0b0d7ff3d7ba8e91fe4f79a502ab3d4074b09c6bb96caa1f04cd
